0879016?
7
What is the tens digit of 119540?
4
What is the tens digit of 153666?
6
What is the hundred thousands digit of 906354?
9
What is the hundreds digit of 423286?
2
What is the units digit of 21968?
8
What is the hundreds digit of 9429164?
1
What is the ten thousands digit of 32148?
3
What is the units digit of 11113383?
3
What is the ten thousands digit of 465517?
6
What is the hundred thousands digit of 503308?
5
What is the units digit of 2602215?
5
What is the hundreds digit of 4267122?
1
What is the ten thousands digit of 490733?
9
What is the units digit of 3966350?
0
What is the hundred thousands digit of 237782?
2
What is the millions digit of 4164590?
4
What is the millions digit of 19931417?
9
What is the thousands digit of 1713667?
3
What is the tens digit of 2570290?
9
What is the tens digit of 1980477?
7
What is the ten thousands digit of 2016042?
1
What is the ten millions digit of 10271222?
1
What is the tens digit of 203107?
0
What is the ten thousands digit of 705901?
0
What is the thousands digit of 658136?
8
What is the hundreds digit of 9662170?
1
What is the ten thousands digit of 2175231?
7
What is the hundred thousands digit of 263591?
2
What is the thousands digit of 13440476?
0
What is the units digit of 7435087?
7
What is the millions digit of 13614543?
3
What is the hundred thousands digit of 369566?
3
What is the hundred thousands digit of 1391625?
3
What is the hundred thousands digit of 3467355?
4
What is the thousands digit of 374254?
4
What is the ten thousands digit of 3338751?
3
What is the tens digit of 1664064?
6
What is the hundred thousands digit of 24825245?
8
What is the units digit of 138148?
8
What is the thousands digit of 33578392?
8
What is the ten thousands digit of 162294?
6
What is the hundred thousands digit of 214011?
2
What is the hundreds digit of 449582?
5
What is the thousands digit of 32156552?
6
What is the hundreds digit of 1870299?
2
What is the units digit of 79225?
5
What is the thousands digit of 313558?
3
What is the thousands digit of 486738?
6
What is the tens digit of 29240482?
8
What is the ten thousands digit of 537875?
3
What is the thousands digit of 274144?
4
What is the hundreds digit of 63123?
1
What is the units digit of 35704?
4
What is the thousands digit of 1735530?
5
What is the units digit of 91953?
3
What is the units digit of 8701116?
6
What is the units digit of 652941?
1
What is the thousands digit of 107247?
7
What is the millions digit of 2205005?
2
What is the ten thousands digit of 91021?
9
What is the hundred thousands digit of 2263433?
2
What is the millions digit of 4924680?
4
What is the hundreds digit of 3929042?
0
What is the units digit of 21956716?
6
What is the units digit of 1484808?
8
What is the tens digit of 6851844?
4
What is the ten thousands digit of 9716840?
1
What is the thousands digit of 304538?
4
What is the hundreds digit of 224718?
7
What is the tens digit of 7463056?
5
What is the millions digit of 6848125?
6
What is the tens digit of 208619?
1
What is the ten thousands digit of 6636975?
3
What is the units digit of 342760?
0
What is the tens digit of 6244661?
6
What is the ten thousands digit of 440539?
4
What is the hundreds digit of 6692551?
5
What is the ten thousands digit of 567964?
6
What is the tens digit of 11734102?
0
What is the ten thousands digit of 10928314?
2
What is the millions digit of 1045169?
1
What is the hundred thousands digit of 5844498?
8
What is the tens digit of 96133?
3
What is the hundred thousands digit of 9575657?
5
What is the ten thousands digit of 8215077?
1
What is the thousands digit of 19394288?
4
What is the ten thousands digit of 17504712?
0
What is the millions digit of 2082927?
2
What is the tens digit of 388083?
8
What is the hundreds digit of 13601109?
1
What is the hundred thousands digit of 6958523?
9
What is the tens digit of 465591?
9
What is the ten millions digit of 31221898?
3
What is the thousands digit of 203827?
3
What is the millions digit of 2322741?
2
What is the thousands digit of 1002995?
2
What is the units digit of 613995?
5
What is the hundreds digit of 19137673?
6
What is the ten thousands digit of 19833370?
3
What is the ten thousands digit of 69414?
6
What is the tens digit of 962596?
9
What is the ten thousands digit of 1336761?
3
What is the hundreds digit of 4036776?
7
What is the thousands digit of 5208698?
8
What is the ten thousands digit of 6375151?
7
What is the units digit of 9925598?
8
What is the thousands digit of 4598257?
8
What is the tens digit of 2262509?
0
What is the hundred thousands digit of 390828?
3
What is the tens digit of 94414?
1
What is the ten thousands digit of 1929872?
2
What is the tens digit of 74655?
5
What is the ten thousands digit of 227494?
2
What is the tens digit of 11728005?
0
What is the hundreds digit of 1082509?
5
What is the ten thousands digit of 5101605?
0
What is the ten thousands digit of 32557796?
5
What is the tens digit of 107502?
0
What is the tens digit of 15835431?
3
What is the thousands digit of 20530025?
0
What is the ten thousands digit of 8532595?
3
What is the ten thousands digit of 22964?
2
What is the hundred thousands digit of 205031?
2
What is the thousands digit of 9526?
9
What is the hundreds digit of 9839884?
8
What is the hundred thousands digit of 395127?
3
What is the units digit of 72475?
5
What is the hundreds digit of 2759194?
1
What is the hundreds digit of 3122505?
5
What is the hundred thousands digit of 988391?
9
What is the hundreds digit of 1456366?
3
What is the ten thousands digit of 2222552?
2
What is the ten thousands digit of 1415870?
1
What is the tens digit of 457125?
2
What is the hundred thousands digit of 682015?
6
What is the thousands digit of 169938?
9
What is the ten thousands digit of 20577235?
7
What is the tens digit of 2576638?
3
What is the units digit of 5160825?
5
What is the hundreds digit of 62175?
1
What is the ten thousands digit of 1439913?
3
What is the units digit of 567159?
9
What is the thousands digit of 9021751?
1
What is the units digit of 1168215?
5
What is the hundred thousands digit of 253771?
2
What is the ten thousands digit of 4925565?
2
What is the hundreds digit of 1271383?
3
What is the millions digit of 7735312?
7
What is the thousands digit of 7879825?
9
What is the tens digit of 1770054?
5
What is the tens digit of 364972?
7
What is the thousands digit of 11570721?
0
What is the ten thousands digit of 162532?
6
What is the hundred thousands digit of 816529?
8
What is the hundreds digit of 107621?
6
What is the ten thousands digit of 10057012?
5
What is the hundreds digit of 2169546?
5
What is the hundred thousands digit of 4166280?
1
What is the hundred thousands digit of 16102534?
1
What is the units digit of 586243?
3
What is the units digit of 1074150?
0
What is the thousands digit of 4370837?
0
What is the millions digit of 2047097?
2
What is the hundred thousands digit of 248850?
2
What is the millions digit of 3626145?
3
What is the units digit of 2300313?
3
What is the hundreds digit of 356938?
9
What is the hundreds digit of 1902862?
8
What is the units digit of 88377?
7
What is the ten thousands digit of 397196?
9
What is the millions digit of 11192382?
1
What is the millions digit of 5665488?
5
What is the hundreds digit of 1007790?
7
What is the ten thousands digit of 34816?
3
What is the hundreds digit of 284442?
4
What is the hundred thousands digit of 3954164?
9
What is the tens digit of 150352?
5
What is the hundred thousands digit of 464901?
4
What is the tens digit of 688346?
4
What is the tens digit of 591775?
7
What is the hundred thousands digit of 5476486?
4
What is the thousands digit of 1489504?
9
What is the tens digit of 438503?
0
What is the ten millions digit of 12701116?
1
What is the hundreds digit of 1219437?
4
What is the tens digit of 322718?
1
What is the hundreds digit of 950506?
5
What is the ten thousands digit of 8728763?
2
What is the tens digit of 213487?
8
What is the millions digit of 1097463?
1
What is the hundreds digit of 2915288?
2
What is the ten thousands digit of 605446?
0
What is the tens digit of 340522?
2
What is the tens digit of 774771?
7
What is the thousands digit of 1328946?
8
What is